t is the tens digit of 6235?
3
What is the tens digit of 82961?
6
What is the thousands digit of 50768?
0
What is the tens digit of 10304?
0
What is the units digit of 13404?
4
What is the hundred thousands digit of 107755?
1
What is the tens digit of 2440?
4
What is the thousands digit of 1873?
1
What is the hundreds digit of 2833?
8
What is the thousands digit of 2399?
2
What is the tens digit of 2484?
8
What is the thousands digit of 21083?
1
What is the units digit of 9362?
2
What is the tens digit of 3242?
4
What is the tens digit of 6035?
3
What is the ten thousands digit of 26750?
2
What is the tens digit of 67?
6
What is the thousands digit of 95783?
5
What is the units digit of 981?
1
What is the hundreds digit of 11486?
4
What is the ten thousands digit of 13068?
1
What is the hundreds digit of 207257?
2
What is the ten thousands digit of 12543?
1
What is the units digit of 18862?
2
What is the hundreds digit of 6745?
7
What is the hundreds digit of 8919?
9
What is the thousands digit of 3897?
3
What is the units digit of 1355?
5
What is the hundreds digit of 1079?
0
What is the tens digit of 225?
2
What is the tens digit of 279?
7
What is the units digit of 629?
9
What is the hundreds digit of 3233?
2
What is the thousands digit of 1564?
1
What is the tens digit of 29217?
1
What is the tens digit of 2502?
0
What is the ten thousands digit of 80869?
8
What is the thousands digit of 2559?
2
What is the ten thousands digit of 58942?
5
What is the hundreds digit of 347?
3
What is the units digit of 1060?
0
What is the tens digit of 6714?
1
What is the thousands digit of 1571?
1
What is the tens digit of 15174?
7
What is the units digit of 90?
0
What is the units digit of 962?
2
What is the ten thousands digit of 58620?
5
What is the hundreds digit of 163?
1
What is the tens digit of 36256?
5
What is the thousands digit of 27087?
7
What is the hundreds digit of 6959?
9
What is the tens digit of 102044?
4
What is the thousands digit of 1861?
1
What is the tens digit of 3402?
0
What is the thousands digit of 9429?
9
What is the hundreds digit of 1010?
0
What is the tens digit of 9793?
9
What is the hundreds digit of 287?
2
What is the tens digit of 11589?
8
What is the hundreds digit of 26321?
3
What is the units digit of 6003?
3
What is the units digit of 17878?
8
What is the thousands digit of 6380?
6
What is the units digit of 22107?
7
What is the thousands digit of 2558?
2
What is the tens digit of 111527?
2
What is the hundreds digit of 119?
1
What is the units digit of 3884?
4
What is the tens digit of 46536?
3
What is the units digit of 262?
2
What is the thousands digit of 31890?
1
What is the units digit of 825?
5
What is the hundreds digit of 781?
7
What is the ten thousands digit of 11697?
1
What is the hundreds digit of 875?
8
What is the thousands digit of 147154?
7
What is the units digit of 7170?
0
What is the ten thousands digit of 76327?
7
What is the tens digit of 4948?
4
What is the units digit of 682?
2
What is the thousands digit of 1523?
1
What is the hundreds digit of 8652?
6
What is the hundreds digit of 563?
5
What is the tens digit of 12836?
3
What is the units digit of 5402?
2
What is the ten thousands digit of 10078?
1
What is the hundreds digit of 2139?
1
What is the tens digit of 72060?
6
What is the thousands digit of 5805?
5
What is the units digit of 3809?
9
What is the hundreds digit of 73026?
0
What is the ten thousands digit of 166762?
6
What is the hundreds digit of 19343?
3
What is the units digit of 7153?
3
What is the units digit of 8230?
0
What is the units digit of 30263?
3
What is the tens digit of 359?
5
What is the tens digit of 101?
0
What is the thousands digit of 7169?
7
What is the tens digit of 47960?
6
What is the units digit of 14788?
8
What is the tens digit of 22190?
9
What is the tens digit of 18313?
1
What is the thousands digit of 1464?
1
What is the thousands digit of 60645?
0
What is the thousands digit of 15930?
5
What is the tens digit of 2150?
5
What is the units digit of 1037?
7
What is the units digit of 1353?
3
What is the units digit of 7805?
5
What is the hundreds digit of 3992?
9
What is the thousands digit of 19526?
9
What is the thousands digit of 1945?
1
What is the units digit of 11802?
2
What is the hundreds digit of 1349?
3
What is the hundreds digit of 9709?
7
What is the tens digit of 136247?
4
What is the hundreds digit of 677?
6
What is the units digit of 6587?
7
What is the thousands digit of 1442?
1
What is the tens digit of 763?
6
What is the hundreds digit of 3233?
2
What is the units digit of 12440?
0
What is the thousands digit of 16108?
6
What is the units digit of 570?
0
What is the units digit of 47804?
4
What is the units digit of 35896?
6
What is the thousands digit of 37072?
7
What is the hundreds digit of 22086?
0
What is the ten thousands digit of 29323?
2
What is the tens digit of 20172?
7
What is the tens digit of 4466?
6
What is the hundreds digit of 36502?
5
What is the tens digit of 22800?
0
What is the hundreds digit of 2291?
2
What is the hundreds digit of 6738?
7
What is the units digit of 43?
3
What is the thousands digit of 46498?
6
What is the units digit of 9883?
3
What is the units digit of 1803?
3
What is the hundreds digit of 1588?
5
What is the tens digit of 1452?
5
What is the thousands digit of 27161?
7
What is the tens digit of 84628?
2
What is the hundreds digit of 10382?
3
What is the tens digit of 944?
4
What is the tens digit of 1140?
4
What is the hundreds digit of 4092?
0
What is the tens digit of 19925?
2
What is the tens digit of 54?
5
What is the units digit of 41341?
1
What is the hundreds digit of 6465?
4
What is the thousands digit of 2654?
2
What is the tens digit of 4220?
2
What is the ten thousands digit of 57916?
5
What is the hundreds digit of 2464?
4
What is the hundreds digit of 1126?
1
What is the hundreds digit of 84130?
1
What is the tens digit of 3101?
0
What is the units digit of 1251?
1
What is the thousands digit of 6150?
6
What is the tens digit of 5073?
7
What is the units digit of 493?
3
What is the tens digit of 530?
3
What is the tens digit of 115548?
4
What is the thousands digit of 3767?
3
What is the thousands digit of 2868?
2
What is the units digit of 1823?
3
What is the hundreds digit of 14850?
8
What is the tens digit of 2716?
1
What is the units digit of 147171?
1
What is the hundreds digit of 362?
3
What is the thousands digit of 8210?
8
What is the hundreds digit of 5683?
6
What is the thousands digit of 2486?
2
What is the thousands digit of 20426?
0
What is the tens digit of 11975?
7
What is the thousands digit of 4148?
4
What is the hundreds digit of 810?
8
What is the tens digit of 295?
9
What is the thousands digit of 2394?
2
What is the tens digit of 23031?
3
What is the hundreds digit of 9131?
1
What is the tens digit of 6830?
3
What is the units digit of 149?
9
What is the hundreds digit of 17202?
2
What is the ten thousands digit of 11214?
1
What is the thousands digit of 1280?
1
What is the thousands digit of 17320?
7
What is the thousands digit of 74160?
4
What is the tens digit of 4963?
6
What is the units digit of 350?
0
What is the hundreds digit of 4157?
1
What is the thousands digit of 24596?
4
What is the units digit of 818?
8
What is the thousands digit of 6829?
6
What is the units digit of 39154?
4
What is the hundreds digit of 189519?
5
What is the hundreds digit of 1671?
6
What is the hundreds digit of 841?
8
What is the tens digit of 4609?
0
What is the units digit of 72715?
5
What is the hundreds digit of 1047?
0
What is the hundreds digit of 5412?
4
What is the thousands digit of 45041?
5
What is the hundreds digit of 54205?
2
What is the units digit of 513?
3
What is the tens digit of 4175?
7
What is the units digit of 1084?
4
What is the tens digit of 3593?
9
What is the tens digit of 1131?
3
What is the units digit of 119?
9
What is the tens digit of 3141?
4
What is the units digit of 1333?
3
What is the units digit of 283?
3
What is the thousands digit of 3435?
3
What is the hundreds digit of 75057?
0
What is the hundreds digit of 819?
8
What is the thousands digit of 91287?
1
What is the units digit of 96636?
6
What is the hundred thousands digit of 102225?